t a = -159 + 231. Suppose j = 68 + a. Suppose 0*d + j = 5*d. What is the units digit of d?
8
Suppose -7*g = -4*d - 3*g + 3736, 2*d + 3*g - 1843 = 0. What is the units digit of d?
9
Let k(m) = -m**3 - 9*m**2 - 9*m - 2. Let s be k(-8). Let u = s - 0. Suppose 0 = b - 2*b + u. What is the units digit of b?
6
Suppose 10*s = -6*s + 8464. What is the hundreds digit of s?
5
Let a(l) = -l**3 + 15*l**2 + 17*l - 18. Let p be a(16). Let h be p/5 + 32/(-20). What is the units digit of (-4)/h + 2*34?
0
Let x(d) = 30*d - 15. Let o(r) = -15*r + 8. Let b(g) = 5*o(g) + 3*x(g). Let h be b(2). Suppose -h + 10 = -3*w. What is the units digit of w?
5
Let v(o) = -o**3 + 9*o**2 + o - 10. Let u be v(9). What is the tens digit of (u*9/(-4))/((-1)/(-44))?
9
Suppose 4*l - 21 - 28 = -3*v, 3*v - 39 = -3*l. Suppose -i - 63 = -2*u, 2*u + 5*i - 38 = 7. What is the units digit of (l/u)/(1/15)?
5
Let b be 3132/21 - (-1)/(-7). Suppose -i = -b - 40. What is the tens digit of i?
8
Suppose 0 = -5*s + 5*q + 11930, 6*s - 3*s + q - 7138 = 0. What is the units digit of s?
1
Suppose -s = -3*g + 277, 0*g - 2*g + 3*s + 180 = 0. What is the units digit of g?
3
Let l be (4/((-48)/68))/((-5)/75). Suppose -v = 2*h + 64, 2*h + 0*h + 176 = -3*v. Let r = v + l. What is the units digit of r?
9
Let y = -13 + 17. Suppose -3*j = 0, -y*j = -4*h - 3 + 19. Suppose -5*x - h*i = -0*i - 85, 3*i = x + 2. What is the tens digit of x?
1
Suppose -3*x = m - 18, 2*x + 0*m = -2*m + 16. What is the tens digit of (13 - x)*7/4?
1
Let x = 10 - 14. Let s be 0/((2 - x) + -3). Suppose 5*o - 73 - 87 = s. What is the units digit of o?
2
Let l(f) = -2*f**3 - 10*f**2 + 9*f + 4. Let h be 1/(((-5)/(-6))/(-5)). What is the tens digit of l(h)?
2
Let f(a) = a - 9. Let z be f(7). Let l be (-46 - z)/(-1) - -3. Let k = 79 - l. What is the units digit of k?
2
What is the hundreds digit of 2922/(-2)*2/(-6)?
4
Let w be 5/5 - (-3 + 0 - -5). What is the units digit of ((-1320)/(-18) - 0) + w/3?
3
Suppose -2232 = -51*l + 20*l. What is the units digit of l?
2
Let c(p) = -6*p - 25. Let s(m) = -11*m - 50. Let y(v) = -13*c(v) + 6*s(v). What is the tens digit of y(4)?
7
Let a(l) = -l**3 + 5*l**2 + 2*l + 1. Let j be a(5). Let p(w) = -119*w + 57*w + 63*w + 5. What is the units digit of p(j)?
6
What is the units digit of -2*(-21)/(-6)*(-7 + 0)?
9
What is the units digit of 432/(-168)*(0 - 56*1)?
4
Let f(r) = -3*r**2 + r + 7. Let l(u) = 2*u**2 - 4. Let d(v) = 3*f(v) + 5*l(v). What is the tens digit of d(5)?
4
Let r(a) = a**2 + 8*a + 3. Let l be r(-7). Let z(n) = 3*n**2 + n - 5. Let q be z(l). What is the tens digit of q - 6/3 - 0?
3
Suppose 2*n = q, -q - 3*n = -6*n. Suppose 7*r - 5*r - 58 = q. What is the units digit of r?
9
Let w = 92 + -107. What is the hundreds digit of (430/(-3))/(10/w)?
2
Let j(l) = -268*l**3 + 2*l**2 + l + 1. What is the units digit of j(-1)?
0
Let d(r) = -r. Let f(a) = -a**2 + 8*a - 7. Let s be f(7). Let k be d(s). Suppose k*g - 60 = -3*g. What is the tens digit of g?
2
Let p = 3420 - 1802. What is the tens digit of p?
1
Let u(i) = i**3 + 4*i**2 + 3*i + 2. Let o be u(-2). Let s(p) = p**3 + 6*p**2 - 9*p + 8. What is the tens digit of s(o)?
3
Suppose 4*q = 2*f - 2750, 2*f + q + 855 - 3605 = 0. What is the units digit of f?
5
Let i(h) = -h**3 + 4*h**2 + 2*h + h - 5*h. Let z be i(3). Suppose z*x - 7*x = -96. What is the units digit of x?
4
Let v(d) = -2*d**3 + 25*d**2 + 3*d + 4. What is the units digit of v(10)?
4
Let v be (29 - 1)/(-10 - -12). What is the units digit of (84/v)/((-3)/(-5))?
0
Suppose -43*s = -44*s + 1250. What is the hundreds digit of s?
2
Let p = 3486 - -647. What is the tens digit of p?
3
Let d(w) = w + 6. Let n be d(-6). Suppose 0 = -f + 3*m + 2*m, -f - 4*m = n. Suppose 2*s + 3*s - 10 = f, 4 = 2*x - 5*s. What is the units digit of x?
7
Let o(v) = 158 - 186 + 4*v + 6*v + v**3 + 18*v**2. What is the units digit of o(-17)?
1
Let q = 86 - 82. Suppose -q*y + 188 = -44. What is the units digit of y?
8
Let y(b) = 139*b + 32. What is the units digit of y(7)?
5
Suppose 1392 = 4*g - 2764. What is the hundreds digit of g?
0
Let k = 1 + 0. Let r(y) = 2*y - 2. Let n be r(7). Let l = n - k. What is the units digit of l?
1
Suppose 2*s + 0*s = -5*r + 12, -5*s + 1 = -2*r. Suppose 4*l + 4 = 16. Suppose -r*m = t - l*m - 20, 0 = m. What is the tens digit of t?
2
Suppose 0 = 3*g + 8 - 23. Suppose -3*d - 189 = -6*n + 3*n, -147 = -2*n - g*d. What is the units digit of n?
6
Let h = -207 + 340. Suppose 0 = 2*i - h + 9. What is the tens digit of -3 - i*(-4)/8?
2
What is the hundreds digit of (-104)/1*6498/(-456)?
4
Suppose 1818 = 13*c - 1094. What is the hundreds digit of c?
2
Let u(x) be the second derivative of 1/2*x**3 - 7*x**2 + 2*x + 0. What is the units digit of u(12)?
2
Let v be (-14)/(-21)*(-54)/(-4). Suppose -4*l = 2*b + 2 + 2, l - v = -3*b. Suppose 0 = 2*m + b, -2*z + 54 = 5*m. What is the units digit of z?
2
Let f(s) = 87*s**2 - 7*s + 40. What is the thousands digit of f(4)?
1
Let z = 47 + -90. Let r = z - -199. What is the hundreds digit of r?
1
Let g(r) = -r**3 - 2*r**2 - 7*r + 18. What is the units digit of g(-6)?
4
Let b(m) be the second derivative of m**5/20 + 7*m**4/6 + 7*m**3/3 + 21*m**2/2 - 45*m. What is the units digit of b(-10)?
1
Let a = 75 + -109. Let b(c) = -c**3 + 9*c**2 + 8*c - 13. Let s be b(9). Let t = s + a. What is the tens digit of t?
2
Let u(t) = -2*t - 45. Let i be u(-22). What is the hundreds digit of (-10)/(-14) + i + 4773/21?
2
What is the hundreds digit of (123 + 4)*(-4 - -6)?
2
Let b = 601 - 269. What is the units digit of b?
2
Let g(b) = -b**2 + 9*b + 12. Let m be g(10). Suppose 0*o + 8 = -2*o - 3*t, 4*o - 16 = m*t. What is the units digit of 4*(45/6 - o)?
2
Let u = -17 + 18. Let t be (2 - u)/(4/(-536)). Let i = -62 - t. What is the tens digit of i?
7
Let g be 1 - (-3 - (-12)/3). Suppose g = 3*t + 1 + 32. Let l = t + 35. What is the tens digit of l?
2
What is the hundreds digit of 66 + -70 - (1 + -1982)?
9
Let z(l) = 4*l + 43. Let y be z(-10). Suppose 654 = -0*m + y*m. What is the tens digit of m?
1
Let n(l) = -88*l + 2. Let f = 15 + -16. What is the units digit of n(f)?
0
Suppose -103*g - 1086 = -106*g. What is the tens digit of g?
6
Suppose -2*i + 705 = -3*h, 1940 = 5*i + 5*h + 115. What is the tens digit of i?
6
Suppose 206 = 4*s + g, -146 = -5*s + 5*g + 124. Let m = 78 - s. Suppose 3*t - m = t. What is the units digit of t?
3
Let t(i) = -i**3 + 2*i**2 + 5*i + 7. Suppose 3*s + 4 = -5. What is the units digit of t(s)?
7
Suppose -4*t + 2*f + 2568 = 0, 12*t - 3232 = 7*t - 3*f. What is the tens digit of t?
4
Suppose -2 = 2*x - 3*x. Let k = 168 + x. What is the units digit of k?
0
Let i(u) = 2*u**3 + u + 1. Let w = -21 - -23. Let g be i(w). Let m = 24 - g. What is the units digit of m?
5
Suppose -3*v = -3*i - 2*v + 94, -185 = -5*i - 4*v. Let n = 3 - -65. Let m = n - i. What is the tens digit of m?
3
Let p(j) = -j**3 + 9*j**2 + 15*j - 26. Let c be p(10). Suppose 14 = l - c. What is the tens digit of l?
3
Let r = 357 + 85. What is the units digit of r?
2
Let g = 44 + 104. Let h = g + -70. What is the tens digit of h?
7
Suppose -19*h + 17686 = 18*h. What is the units digit of h?
8
Let q = 24 - 22. Suppose 2*r - 348 = -w, q*w = 6*w. What is the hundreds digit of r?
1
Suppose 0 = 9*r - 4*r. Suppose -2*b + r*w - 3*w = -205, 2*w = 4*b - 370. What is the tens digit of b?
9
What is the units digit of 4*289 - (-13)/(-169)*0?
6
Suppose -2*t + t - 62 = -3*j, 5*j - 4*t = 115. Let d = j - 18. What is the units digit of d*-1 + -5 + 7?
1
Let f(m) = m**3 - 26*m**2 + m - 23. Let l be f(26). Suppose 4*d = -5*h + 433, -2*h = -l*d - 3*h + 333. What is the units digit of d?
2
Let o(n) = 2*n - n**2 + 0*n + n + 3 + n. Let t be o(4). Suppose 34 = f - 4*z, -2*f + f + 30 = -t*z. What is the units digit of f?
8
Suppose -f = 3*f - 4*j - 28, -3*f = 3*j + 3. Suppose -4*h = f*h - 413. Suppose l = -0*l + h. What is the units digit of l?
9
Let w = -1108 + 1603. Let d = w + -220. What is the hundreds digit of d?
2
Suppose -3*z - 60 = -5*z. Suppose 7*s + z = 10*s. What is the units digit of s?
0
Let h(z) = -47*z + 70. What is the units digit of h(-6)?
2
What is the units digit of (-10 - -1)*74/(-2)?
3
Let s(o) be the second derivative of 5*o**4/6 + 7*o**2 + 17*o. What is the tens digit of s(4)?
7
What is the units digit of ((